he prime factors of c?
7, 17, 41
Suppose 0 = 239*r - 192*r - 2396624. List the prime factors of r.
2, 3187
Suppose -153 = -21*h + 561. Suppose 28*j - h*j + 3528 = 0. List the prime factors of j.
2, 3, 7
Suppose -30*f + 37412 + 124753 = 38745. What are the prime factors of f?
2, 11, 17
Let r(w) = -81*w + 4872. List the prime factors of r(-22).
2, 3, 1109
List the prime factors of -97 + 11711 - (0/1)/(2/1).
2, 5807
Suppose 5*g = 10*g + 145. Let y = -35 - g. What are the prime factors of y*((-128)/(-10))/(24/(-40))?
2
Suppose 20*a = 327655 + 247105. What are the prime factors of a?
2, 14369
Let q be (-1 + (-3)/(-1))/(2/(-115)). Let z be 0/1 + q + 0. Let l = -90 - z. List the prime factors of l.
5
Let i be 4*5/(-70) - (-38928)/28. Let y = i + -579. What are the prime factors of y?
811
Let h = 120806 - 81567. List the prime factors of h.
39239
Let u(p) = 233*p - 1414. What are the prime factors of u(40)?
2, 59, 67
Suppose -2*n = -17*n + 40883 + 18157. What are the prime factors of n?
2, 3, 41
Let j be (-5)/(2*6/12). Let u(a) = -47*a + 334. What are the prime factors of u(j)?
569
Let v be (16/5)/((-16)/(-6720)). Suppose -3*n + v + 342 = 0. What are the prime factors of n?
2, 281
Let s(x) = 2*x**2 + x - 5. Let w be s(-3). Suppose -w*v + 1482 - 402 = 0. Suppose o - v = 107. List the prime factors of o.
5, 43
Let k be 8/(-44) + ((-15162)/(-22) - 2). Let w = 58 + k. What are the prime factors of w?
5, 149
Let j(o) = 820*o**3 - 754*o**3 - 1 + 2*o - 1. Let z be j(1). Suppose 15*t - 13*t - z = 0. List the prime factors of t.
3, 11
Suppose -12*b = -27*b + 8*b + 482244. List the prime factors of b.
2, 3, 5741
Let g = -156 - -824. List the prime factors of g.
2, 167
Suppose -5*k - 16 = -3*b, 3 = -4*b - 2*k + 7. Suppose -2*o = 3*v - 56, 4*v - 2*v + b*o = 40. Let r(p) = -p**2 + 15*p + 24. List the prime factors of r(v).
2
Let z = 10091 - 6149. What are the prime factors of z?
2, 3, 73
Let k(o) = -100*o - 28. Let a be k(-1). Let u be (2 - 2) + (-102)/(-2). Let g = a - u. List the prime factors of g.
3, 7
Let w be 3/(-1)*(-8)/(-6). Suppose 55 = 2*d + 5*b, 4*d - 27*b = -32*b + 105. Let z = d + w. What are the prime factors of z?
3, 7
Suppose -3*b + 2765 = 5*t + 2*b, 3*t = 2*b + 1654. Suppose -z + t - 158 = 0. Let f = -269 + z. What are the prime factors of f?
5
Suppose 5482*u + 93912 = 5508*u. What are the prime factors of u?
2, 3, 7, 43
Let b(q) = 3*q**3 + 2*q**2 + 5*q + 12. Let y be b(-2). Let a(r) = r**3 - 6*r**2 + 2*r - 8. Let z be a(6). What are the prime factors of (z/y)/((-13)/4277)?
2, 47
Let r(n) = 2*n**3 + 12*n**2 - 14*n - 8. Let q be r(-7). List the prime factors of 6/q + (-16211)/(-52).
311
What are the prime factors of (-120)/1860 - (-1451796)/62?
2, 2927
Suppose s = 4*i + 12076 + 2791, 0 = -s - i + 14852. List the prime factors of s.
5, 2971
Let l = -205 - -202. List the prime factors of (-1394)/l + (-6)/9.
2, 29
Let m = 201 - 351. Let k = 255 + m. What are the prime factors of 10*(-28)/(-6) - (-35)/k?
47
Suppose 74*s - 3430842 - 2990012 = -1671682. List the prime factors of s.
2, 32089
Suppose -4*d = -d - 2163. Suppose 0*y - d = -7*y. Let g = -43 + y. List the prime factors of g.
2, 3, 5
Let j = 86 + -338. Let x = 472 + j. List the prime factors of x.
2, 5, 11
Let l(m) = m - 13. Let v be l(18). Let o be (16 + 3/(-3))*1. Suppose w - 1 = 5*f, 0 = -5*f + o + v. What are the prime factors of w?
3, 7
Let g = 223 - 209. Suppose g*t - 17*t = -1179. What are the prime factors of t?
3, 131
Suppose 0 = -3*l + 72 + 72. Let u be (l/20)/((-2)/(-5)). Suppose w - 14 = u. What are the prime factors of w?
2, 5
Let m(l) = 4*l**2 - 106*l + 1018. What are the prime factors of m(70)?
2, 6599
Let f(j) = -2*j - 8. Let t be f(8). Let n = t - -27. Suppose 126 = n*a + 5*d, -a = -5*d - 6 - 36. What are the prime factors of a?
2, 3, 7
Suppose 0 = 5167*w - 5157*w - 7310. What are the prime factors of w?
17, 43
Let p(t) = 208*t - 2258. List the prime factors of p(28).
2, 1783
Let n be (-7)/((-70)/4) + 803/55. Suppose -18677 = n*y - 34*y. List the prime factors of y.
983
What are the prime factors of (-135508)/(-20) - ((-4)/(-5) - (-20)/(-50))?
5, 271
Let t(c) = 6*c**2 + 6*c - 4. Let v(g) = g + 10. Let p(q) = -2*q - 19. Let b(s) = -3*p(s) - 5*v(s). Let d be b(-10). What are the prime factors of t(d)?
2
Let l(v) = -v + 1. Let a(k) = 36*k - 38. Let j(u) = a(u) + 3*l(u). Let x be j(13). Let w = -170 + x. List the prime factors of w.
2, 7
Suppose 107530 = -95*l + 105*l. List the prime factors of l.
10753
Let b(j) = -j - 10. Let m be b(-16). Suppose -m*n + 175 = -77. Let k = 52 - n. What are the prime factors of k?
2, 5
Suppose -26437 = -h + 3*l, 5*h - 3*l - 40406 = 91719. What are the prime factors of h?
2, 11, 1201
Let y(h) = 1255*h**2. Let j be y(1). Suppose -2*v - 3*s + 502 = 0, -4*v + 2*s - j = -9*v. List the prime factors of v.
251
Suppose 2*n = 5*s - 4 + 3, 0 = s - 4*n + 7. Suppose -z + v = -20, 5*z + 3*v - v - 79 = 0. Let q = z + s. What are the prime factors of q?
2, 3
Let t = 18228 + -6814. What are the prime factors of t?
2, 13, 439
Suppose 138*w - 65 = 139*w. Suppose 0*v + 424 = -4*v. Let r = w - v. What are the prime factors of r?
41
Let v(l) = -2*l**3 + 5*l**2 + 8*l - 2. Let d(n) = n**3 - 4*n**2 - 7*n + 1. Let c(m) = 3*d(m) + 2*v(m). List the prime factors of c(-7).
3, 31
Let y = -8 - -11. Suppose y*b - 6 = 3. Suppose -2*g + 108 + 16 = 2*p, 5*p - b*g = 278. What are the prime factors of p?
2, 29
Suppose -5*r + 12*r = 3444. Let b = 742 - r. What are the prime factors of b?
2, 5
Let n(u) = -13900*u + 552. List the prime factors of n(-4).
2, 7019
Let y = -3010 - -3014. Let c = 325 - -21. Suppose 58 = y*t - c. List the prime factors of t.
101
What are the prime factors of (22456/3 - 1)/((20 - 83)/(-189))?
22453
Let m = -910 - -911. Let q be (-107)/6 - 3/18. List the prime factors of 6/q*-5*(65 + m).
2, 5, 11
Suppose -3*s + 12 = -0. Let j(r) be the first derivative of r**4/2 - r**3/3 + 5*r + 199. What are the prime factors of j(s)?
3, 13
Let v be -4 - (-9 - (-4 + 2)). Suppose v*r - 5*d - 426 = 0, -3*d = 2*d. Let f = r - 68. List the prime factors of f.
2, 37
What are the prime factors of (3 - 1)/(8/(-1508))*(-6 - -4)?
2, 13, 29
Let c be ((-9)/(-6) + -2)*(-60)/6. Suppose -1428 = -12*u + c*u. Suppose 16*v - u = 12*v. List the prime factors of v.
3, 17
Let p be 0 - 1865*-1 - (-63 + 63). Suppose 0 = -11*d + 6*d + p. What are the prime factors of d?
373
Suppose 12*q - 3*q - 27 = 0. Let x(u) = -u**2 + 4*u + 6. Let h be x(q). Suppose 10*o - 110 = h*o. List the prime factors of o.
2, 5, 11
Suppose -5*x - 3*l = -15, 0*x - 25 = 5*x - 5*l. Let o(k) = k**2 + 46*k + 463. List the prime factors of o(x).
463
Let a(x) = -337*x**2 - 5*x - 2. Let s be a(2). Let b = 2474 + s. What are the prime factors of b?
2, 557
Let u(a) = a**2 + 874*a + 0*a**2 - 37 - 885*a. List the prime factors of u(14).
5
Let p(i) = 28*i + 4. Let l be p(-1). Let x = l - -29. Suppose 0 = -3*u + 12, 17 = -x*y + 3*u + 75. List the prime factors of y.
2, 7
Let w be 0 + (-2499)/(-18) + (-4)/(-24). Suppose 138*f = w*f - 176. List the prime factors of f.
2, 11
Let c be (-11)/(-11) + 7*-1. Suppose -14*h + 12*h = -30. Let l = c + h. List the prime factors of l.
3
Let l = 425 - 217. Let p = l + 168. What are the prime factors of p?
2, 47
Let u be 3044 - (3/2)/(9/(-12)). Suppose -4*s + u = 4*b - 3*s, 0 = -4*b + 2*s + 3040. What are the prime factors of b?
761
Let b(k) = 35*k - 28. Suppose -2*m + 5*l = 17, 0*m - l = -2*m + 3. Let j(n) = -n**2 + 7*n - 5. Let d be j(m). What are the prime factors of b(d)?
7, 31
Suppose -3*o + 4 - 18 = 2*s, s - 5 = 0. Let b be ((-4)/6)/(o/1308). What are the prime factors of -4*(-1)/(4/b)?
109
Suppose 20 = -2*w + 28. Let u be 0 - 1046/(-10) - w/(-10). Suppose -u = -5*q + 95. What are the prime factors of q?
2, 5
Let k(p) = 7*p - 4. Let i be k(1). Suppose -255 = -i*j + 2*d + 381, 5*d = -2*j + 443. What are the prime factors of j?
2, 107
What are the prime factors of (-5 - 263556/(-45)) + (-4 - (-64)/20)?
5851
Suppose 0 = 1157*f - 1158*f - 2. Let u(n) = 68*n**2 + 4*n - 2. List the prime factors of u(f).
2, 131
Let z be 0/(4/6*-3). Let j = z + 239. List the prime factors of j.
239
Suppose 3*g + 9 = 4*g. Let y be 26/(-39)*(-9)/(-2). List the prime factors of 543/g - (-1)/y.
2, 3, 5
Let p be 19/5 + ((-